(d) = -2*d + 1. Let p = 34 - 69. Let s be (p/20 - -4) + 6/8. Give c(s).
-5
Suppose 0*t - 99 = 3*t. Let s = t + 38. Let z(r) be the first derivative of 3*r**2/2 + r + 10. What is z(s)?
16
Let m(p) = 74*p - 17. Let t(n) = 157*n - 30. Let z(w) = -5*m(w) + 3*t(w). Determine z(-1).
-106
Let h be (82/(-6))/((-1)/6). Suppose 0 = -3*r + 58*r - 4510. Let d = h - r. Let g(q) = q**2 - q - 15. What is g(d)?
-15
Let c(y) = -4*y**2 - 3329*y - 27*y**2 + 44*y**2 + 34 - y**3 + 3311*y. Calculate c(12).
-38
Let a(p) = p**3 - 6*p**2 + p - 5. Let d be ((-24)/(-14))/(30/735*7). Calculate a(d).
1
Let i(z) = -279*z + 3623. Let r be i(13). Let o(f) = -f**2 - f - 5. What is o(r)?
-17
Suppose 935 = -4*m + 3*t + 945, t - 22 = -5*m. Let b(r) = r**3 - 10*r**2 + 28*r - 2. Give b(m).
14
Let a(b) = -b**3 + 2*b**2 + 2*b - 4. Suppose 3*n + d - 13 = 33, 0 = 2*n + d - 29. Let c(j) = -4*j + 70. Let q be c(n). Calculate a(q).
0
Let t = -11 + 14. Let c be -4 - (0 + -9) - t. Let r(q) = 12*q - c - 31*q + 1. Determine r(-1).
18
Let m(v) = 6*v + 212148 - 212142 + v**2 - 26*v. What is m(17)?
-45
Let c(q) = q**2 + q - 15. Let x = 182 - 180. Suppose -2*i - 5*f = -7*f, 0 = -x*i - 4*f. Determine c(i).
-15
Let a(s) be the third derivative of -s**6/120 + 11*s**5/60 - s**4/2 + 2*s**3/3 + s**2 + 64*s. Determine a(10).
-16
Let s(h) = 26*h - 130. Suppose 83 + 72 = 31*n. Give s(n).
0
Suppose 0*d = d - 2. Let m(l) = l**2 - 3*l + 4. Let p be m(d). Suppose n = -n + p. Let r(x) = 3*x. What is r(n)?
3
Let t(h) = 3*h - 19. Let p(i) = -2*i + 12. Suppose -2*m = s - 12, 0 = -3*m - 10*s + 8*s + 17. Let z(y) = m*p(y) + 5*t(y). Calculate z(9).
-2
Let r(u) = -4*u**3 - 3*u**2 + 5*u - 4. Suppose -27*j - 390 = -149*j - 73*j. What is r(j)?
-38
Let r(k) = -17*k - 139. Let h = 5101 - 5110. Give r(h).
14
Let i = -8945 - -8949. Let z(u) = 14*u + 0*u**3 - 12*u - 5*u**2 + 4 + u**3. Give z(i).
-4
Let u(g) = g**3 + 8*g**2 + 10*g + 72. Let l = -7995 + 7987. What is u(l)?
-8
Let k = -33 - -35. Suppose 9 = k*h + h. Let q(u) = u**2 + 12*u + 9. Let j(s) = s**2 + 11*s + 8. Let i(m) = h*j(m) - 2*q(m). Determine i(-6).
-12
Suppose -4 = -9*c + 10*c - 4*i, c - i - 2 = 0. Let q(u) = c - u - 6 + u + 6*u + 9. Give q(-9).
-47
Suppose 5*o = -10, o - 3*o = -3*v - 14. Let m be ((-14)/v)/((-10)/30). Let q(j) be the second derivative of j**5/20 + 7*j**4/12 - j**2 - 329*j. Calculate q(m).
-2
Let h(y) = 409 + 3*y + 406 - 4*y + 409 + 410 - 1632. Let s(u) = u**2 - u + 9. Let r be s(0). Let b = r - 4. Calculate h(b).
-3
Let s = -256 - 80. Let c be (-2)/(-7) + (-240)/s. Let r(j) = 6*j**3 - 1. What is r(c)?
5
Suppose -286*n = -288*n + 16. Let z(h) = 159 - 305 + h**3 + 0*h**2 + n*h**2 + 157 - 8*h + 0*h**3. Give z(-9).
2
Suppose -693 = -66*i + 2 + 163. Let s(j) = -j**3 + 14*j**2 - 16*j + 36. Calculate s(i).
-3
Let z(l) = l**3 + 4*l**2 - 9*l - 11. Let w = -1127 - -1122. Give z(w).
9
Let z(g) = g**3 + 7*g**2 + 2*g - 3. Let t(w) = 0*w + 23 + 2*w + 6 - 2. Let o be t(-5). Suppose 42 = 10*m - o*m. Calculate z(m).
21
Let z = 10764 - 10750. Let p(q) = 7*q**2 + 10 + 0*q**2 - 3*q**2 + 12*q - 5*q**2. What is p(z)?
-18
Let m(u) = 945*u - 3*u**2 + 927*u - 1879*u - u**3 - 6. Calculate m(-2).
4
Let a(f) = 2*f**2 + 47*f - 134. Let s be a(-26). Let l(t) = -7 - 6*t**2 - t**3 + 5 - 5*t + 0*t**2 + 4. What is l(s)?
-10
Let o = -6/1423 - -1435/2846. Let s(n) be the second derivative of -1/20*n**5 - 3*n**2 + 0*n**3 + 0 + o*n**4 + 12*n. What is s(6)?
-6
Let m(v) be the third derivative of -v**4/6 - 6*v**3 - 149*v**2 + 3. Determine m(-5).
-16
Let c(i) = 23*i**2 - 28*i**2 - 4213 - 27*i + 4223. What is c(-6)?
-8
Let h be (-1*(-1 - -4))/((-12)/16). Let a(p) = p**2 + p - 8. Let m be a(h). Let t(d) = d**2 - 14*d + 16. What is t(m)?
-8
Suppose -8 = 4*y - 5*y. Let i be (2 - 0)*(-9)/(-6). Let h(s) = 2*s**2 + 2 + 52*s - 46*s - i*s**2 + 5. Determine h(y).
-9
Let c(t) = 2*t**2 + 3*t - 3. Let o(i) = 9*i**3 + 10*i**2 + 1. Let y be o(-1). What is c(y)?
11
Let s(a) be the second derivative of a**5/20 - 7*a**4/3 - 31*a**3/6 + 63*a**2/2 + 1304*a. What is s(29)?
5
Let h(i) = i**3 + 7*i**2 - 6*i + 2. Let a = 119 - 117. Let v(t) = -4*t**2 - 11*t**a - 4 + 12*t + 0*t**2 - 2*t**3. Let s(b) = -5*h(b) - 2*v(b). Give s(-6).
-2
Let i(k) = k**3 + k**2 - 2*k - 1. Let v = -15508 - -15510. Calculate i(v).
7
Let w(m) be the second derivative of 0 - 1/12*m**4 + 9/2*m**2 - 5/6*m**3 + 3*m. Let x be ((28/3)/(-2))/((-16)/(-24)). Determine w(x).
-5
Let j(q) = -6*q**2 + 40*q + 4. Let v be j(6). Let d(w) = -v*w**2 - 24*w**2 + 54*w**2 + 2*w. Give d(-1).
0
Suppose -13*x + 12*x + 2 = 0. Let z be 4 - 0 - ((-2 - 2) + x). Suppose s - z*s = 40. Let q(f) = -f - 12. Determine q(s).
-4
Suppose 0 = -116*f + 119*f - 261. Let o = 88 - f. Let i(s) = -11*s - 1. Calculate i(o).
-12
Let n(g) = -37*g + 85*g + 13 - 39*g - 16*g. What is n(2)?
-1
Let y(n) be the first derivative of -n**3/6 + 13*n**2 - 294*n + 238. Let a(v) be the first derivative of y(v). Suppose 5*u + q = u + 3, -u + 3 = q. Give a(u).
26
Let k(z) be the third derivative of 7/12*z**4 + 0 + 0*z + 11/6*z**3 + 209*z**2 - 1/60*z**5. What is k(16)?
-21
Let d(i) = 12*i - 291. Let w(f) = 6*f - 134. Let c(g) = -2*d(g) + 5*w(g). Give c(13).
-10
Let h(c) = -53*c**2 + 7 + 5*c + 106*c**2 - 54*c**2. Suppose -v = -f + 8, 0 = 2*v + 2*f - 7*f + 25. Let p be (v - -7)*(-14)/(-4). Determine h(p).
-7
Let g(u) = 2*u**2 - 7*u - 21. Let j(q) = 3*q**2 - 9*q - 28. Let a(z) = 11*g(z) - 8*j(z). Calculate a(-6).
-49
Let o(b) = b**2 - 1. Let a be o(2). Suppose -i + 5 - a = 0. Let l(n) = 90 + 0*n**2 - 84 + n**i + 8*n. Give l(-5).
-9
Let l(b) = -12*b**2 - 1. Suppose 33 = -7*t + 131. Suppose 0 = 2*i - p - 1, t*p - 5 = -i + 16*p. Calculate l(i).
-13
Let z(v) = v**3 - 3*v**2 - 8*v - 3. Let x be ((-16)/20 - 0)/((-18)/45). Let u(t) = t**2 - t. Let d(r) = x*u(r) - z(r). Calculate d(6).
3
Let v be (-8)/3*(-6)/4. Suppose 2*a + v*m + 3 = -3, 4*a + 3*m - 3 = 0. Let l(q) = q**2 - 3*q. Determine l(a).
0
Let d = -88 + 158. Let o be 40/d*7/2. Let n(l) = 4 + l + 4*l**2 - 7*l**2 + 2*l**o. What is n(0)?
4
Let m(t) = 3*t**2 + 2*t - 3. Let o(u) = 15*u + 12. Let n be o(-2). Let v be (-33)/n - 11/(-66). Determine m(v).
13
Let m(w) be the first derivative of -w**4/2 + 4*w**3 + 13*w**2/2 + 10*w - 1066. Give m(7).
3
Let m(p) be the first derivative of -p**7/840 + p**6/360 - p**5/120 + 19*p**4/24 - p**3/3 + 13*p - 20. Let n(k) be the third derivative of m(k). Calculate n(0).
19
Let m be (22/176)/(13/208). Let j(n) = -4*n**2 + 2*n - 7. Let a(q) = -q**2 + q - 1. Let d(b) = 5*a(b) - j(b). What is d(m)?
4
Let g(k) = -2*k - 15. Suppose 0 = -57*z + 46*z - 165. Give g(z).
15
Let k be (2 + -3)*((5 - 6)*1 - -5). Let i(z) = -10*z - 38. Determine i(k).
2
Let p(j) be the second derivative of -j**5/20 + j**4/6 + 2*j**3/3 - 2*j**2 - j. Let f(w) = -2*w**2 + 13*w - 3. Let a = 155 + -149. Let l be f(a). Give p(l).
-1
Let w(n) = n**3 + 9*n**2 - 9*n + 11. Suppose 31*t = 25*t + 1722. Let p = 277 - t. Calculate w(p).
1
Let d = 647 + -644. Let m(l) = 3*l**3 - 17*l**2 - 26*l + 1. Let i(b) = b**3 - 6*b**2 - 9*b. Let a(h) = -11*i(h) + 4*m(h). Determine a(d).
-2
Suppose 9862*r + 35 = 9867*r. Let q(i) = 2*i - 37. Determine q(r).
-23
Let i(q) = -174*q**2 - 5*q - 9. Let k(m) = 41*m**2 + m + 2. Let r(w) = 4*i(w) + 17*k(w). Suppose 5*l = u + 12, l = 3*u - 3*l + 14. What is r(u)?
8
Let f = 101994 + -101992. Let j(p) be the first derivative of p**4/4 - 2*p**3/3 + 3*p**2/2 + 1. Give j(f).
6
Suppose 4*j + 4232 - 4244 = 0. Suppose 0 = 4*i - 3*i - 2. Let c(z) = -z - 4 + 0 + 0 - z**i. Determine c(j).
-16
Let u(a) = a**2 - 3*a + 2. Let o be u(3). Let d(q) = 3*q**3 + o*q - 3*q**2 - 1 - 2*q + q. Suppose -501*i + 350 - 32 = -766 + 82. Give d(i).
13
Let d = -2444 + 2442. Let g(u) = u + 2. Let f(b) = -3*b - 7. Let o(k) = 9*k + 21. Let s(i) = -7*f(i) - 2*o(i). Let p(c) = 8*g(c) - 3*s(c). Calculate p(d).
-3
Let h(v) = 452*v + 474. Let q(k) = -81*k - 95. Let y(p) = 2*h(p) + 11*q(p). What is y(5)?
-32
Let l = 4 - -1. Suppose -11*d = -l*d - 6. Let u(i) = 3*i**3 - i**2 + 1. Calculate u(d).
3
Let f(q) = -q**3 + 17*q**2 + 16*q + 41. Let r be f(18). Let i(j) = 25 + r*j - 3*j - 2*j - 8 + 2*j. Determine i(-9).
-1
Suppose 2*f = -v - 5, -46*v - 5 = -42*v + 5*f. Let m(z) = -z**3 + 4*z**2 + 4*z + 11. What is m(v)?
6
Let q(k) = 5*k + 37. Let h(t) = 0*t - 2 - 5 - 5 - 2*t - 3. L